 + o. Is w a prime number?
False
Let z = 8 + 6. Let m = z + -11. Suppose -m*a + 2785 = 2*a. Is a composite?
False
Suppose -4*n + 9 = -11. Suppose 2*b = -2*f + 960, n*f = f + 5*b + 1911. Is f prime?
True
Let c(v) = 769*v - 7. Is c(2) a composite number?
False
Suppose -7*b + 41179 = 4646. Is b a prime number?
False
Let f(b) = 1032*b - 2. Suppose -3 = 2*g + 3. Let s be f(g). Is s/(-14) - 4/14 prime?
False
Let o(h) = 28*h - 1. Suppose 18 = 3*z + 3*y, -3*y + 5 = 4*z - 17. Is o(z) prime?
False
Suppose -4*j = -5378 - 1458. Is j prime?
True
Suppose 45 - 155 = -5*y. Let w = 50 - y. Suppose -4*z - w = -6*z. Is z prime?
False
Let u = -3700 + 8927. Is u a composite number?
False
Let y = 10614 - 24841. Let z = -9786 - y. Is z a prime number?
True
Let k = 162 - 104. Is k a prime number?
False
Suppose 3*m - 5997 = -1086. Is m prime?
True
Let n = 57 - 63. Is ((-4)/n)/((-12)/(-5958)) a prime number?
True
Is (143 - 0)*52 - 3 prime?
True
Let a(w) = -2*w - 2 + 4*w + 2*w. Let j be a(1). Suppose 0 = -j*o - 0*o + 178. Is o a composite number?
False
Let h be 3 - 1 - (-2 - -3). Let z = h - 0. Is z/3 + 292/6 prime?
False
Let b(o) = o**3 + 27*o**2 + 8*o - 59. Is b(-25) a composite number?
False
Let y = -659 + 2938. Let z = y - 1302. Is z a composite number?
False
Suppose -261 = 4*l - 2*l + 3*v, 4*l - 2*v + 546 = 0. Let k = l - -1022. Is k composite?
False
Suppose -1921 = -3*b + 2*w, 3*b + 4*w - 1927 = -0*w. Suppose 2*g = b + 251. Is g composite?
True
Suppose -n = 5*c - 2050 - 13140, -4*c + 5*n = -12123. Is c prime?
True
Let y be 5/((15/6)/(-5)). Let t = 31 + -4. Let g = t - y. Is g composite?
False
Let p = 890 + -379. Let f = p + -300. Is f a composite number?
False
Suppose 2*x - 3 + 7 = -3*n, 5*x + 2*n = 1. Let t = 1 + x. Suppose 78 = t*u - 4*m, 0*m = 5*u + m - 184. Is u a prime number?
True
Let t(k) = -k**2 - 15*k - 10. Suppose -o = 15 - 1. Let v be t(o). Suppose -47 = -d - 5*w, -3*d + v*w = d - 284. Is d a prime number?
True
Let b(g) = 9*g**2 + 18*g - 42. Let a be b(20). Suppose -373 = -u + a. Is u prime?
False
Suppose 0 = 3*n + 2*a - 20082, -5*n - 4*a + 10674 = -22798. Let c be n/5 + 2/(-5). Is -2 - (c/(-3) + -1) a prime number?
False
Let y be 2 + -34 + (-4)/(-2). Is 73068/52 - (y/39)/(-5) a prime number?
False
Let j(s) = -s**2 - 9*s + 1. Let a be j(-9). Suppose 0 = -2*l - a + 13. Suppose g = x - l*x + 237, 4*x - 182 = 3*g. Is x a composite number?
False
Suppose 11*h - 10*h + 1 = 0. Let t(i) = -190*i + 1. Is t(h) a prime number?
True
Let m = -7 - -11. Suppose m*z = -4*r, -r + 4*z = -2*r - 6. Is (-3)/6*r*-31 prime?
True
Let y be (-5 + 4)/(5/(-10)). Let j(i) be the first derivative of 7*i**3 + 3*i**2/2 - 3*i - 1. Is j(y) a composite number?
True
Suppose 2*i + 923 = -i + 4*z, -3*z = 4*i + 1189. Let v = i - -519. Suppose -2*b + 0*b + v = 0. Is b prime?
True
Let g(w) = -4*w - 18. Let y be g(-4). Is -4 + ((-1164)/8)/(y/20) composite?
False
Suppose 0 = -5*s + 638 + 247. Is 1/(-3)*s/(-1) a prime number?
True
Let y(r) be the second derivative of -3*r + 0 + 21/2*r**2 + 7/3*r**3. Is y(17) a composite number?
True
Suppose 8*t - 8 = 6*t. Suppose 0 = a - 4*q - 56 - 283, -4*a + t*q = -1332. Let m = -66 + a. Is m a prime number?
False
Let a be (1/(-2))/(7/(-98)). Suppose 0 = w + a*w - 2456. Is w a prime number?
True
Suppose -7*o + 54 + 401 = 0. Is 6/15 - (-58929)/o prime?
True
Suppose -4*d = -2*v - 9822, 0*v = 2*d - 4*v - 4920. Suppose -2*h + 0 = 4, -3*h = -5*n - d. Let y = -269 - n. Is y a composite number?
False
Is -878*(-2)/6 + (-1)/(-3) composite?
False
Suppose -1735 + 7555 = 12*r. Is r a composite number?
True
Is (-129)/(-172) + (-3)/((-24)/3826) a prime number?
True
Suppose -5*q - 2590 = -5*x, 2*x + 0*q - 4*q = 1044. Suppose -x = -j + 2137. Is j prime?
False
Suppose 29566 + 2843 = 9*s. Is s a prime number?
False
Let x = 12923 + -5854. Is x composite?
False
Let l be (536/2 - 4) + 3. Suppose -c + l = -24. Is c prime?
False
Let h = 16 + -13. Let z = 2 - h. Is 2/(z + (-3820)/(-3812)) prime?
True
Let k(u) = -u + 15. Let t be k(10). Suppose -t*w - 6695 = -5*h, -3*h = -0*w - w - 4013. Is h a prime number?
False
Let s = 46 + -43. Suppose -4*t = g - 5*g + 216, 4*t - 127 = -s*g. Is g a prime number?
False
Suppose 4*i - 16560 = 2*z, -i - 5*z - 223 = -4352. Is i a prime number?
True
Let v(j) = 30*j**3 - j**2 + 3*j + 1. Suppose i - 1 + 2 = -l, 0 = 4*l + 3*i. Let h be v(l). Let p = h - 516. Is p a prime number?
False
Let h(o) = -o + 6. Let k be h(6). Is (1 - k)*(5 + -7)*-83 composite?
True
Is (-30224 + 1)/(6/(-11 + 5)) prime?
True
Let x = 30 + -28. Is (0 + 3340/(-16))/(x/(-8)) a composite number?
True
Is ((-33)/3)/(-1*5/6595) a prime number?
False
Let p(b) = -2*b + 23. Let y be p(12). Let h(t) = -37*t. Is h(y) a prime number?
True
Let s(p) = 74*p + 5. Let g be s(12). Suppose 3*c - g = 1114. Is c composite?
True
Let d(u) = -5*u**3 - 11*u**2 + 14*u + 11. Let b be d(8). Let h = b + 4423. Is h composite?
True
Suppose -3*m + 6186 = b, -2*m - 5*b + b = -4134. Is -4 - (-5)/(15/m) a prime number?
True
Let z = 110 + -110. Suppose z = -7*h + 9*h - 314. Is h a prime number?
True
Let t = -15 + -28. Suppose 3*k = -5*y - 394, -2*y + 4*k = -5*y - 232. Let l = t - y. Is l composite?
False
Suppose 4461 = 2*l + 5*t - 296, l + 2*t = 2377. Is l a composite number?
False
Let w = 5325 + 2962. Is w a composite number?
False
Let m(h) = -27*h + 7. Let n(k) = -55*k + 13. Let y(g) = 5*m(g) - 2*n(g). Let b be y(13). Let q = 539 + b. Is q prime?
True
Suppose -47148 = -15*c + 24597. Is c a prime number?
True
Suppose -1 = -3*t - 5*h + h, 0 = -2*h - 4. Suppose 0 = -t*y - y. Suppose 2*a + a - 4*j = 3863, -j - 2 = y. Is a composite?
True
Is 0/1 - (-2624 + 10) a prime number?
False
Suppose -2*x + 21 = 2*q + 3, -2*x - 42 = -4*q. Suppose -8*s - 2722 = -q*s. Is s a composite number?
False
Let o = -72 + -260. Suppose 0 = -w - 4, 901 = 3*k + 5*w - 852. Let h = o + k. Is h prime?
False
Let w(l) = l**3 + 8*l**2 + 4*l + 8. Let f be w(-7). Is (-8)/(8/(-2))*f prime?
False
Let g(b) = -176*b + 299. Is g(-28) a composite number?
False
Suppose -4*i - 12 = -3*g, 3*i - 12 = -0*i - 3*g. Suppose -2*v + 493 = 5*w, 3*v + 0*w + 2*w - 745 = i. Is v a prime number?
False
Let o = 10 - 9. Let s = -3 + o. Is (-1)/(s/(-2)) - -54 a prime number?
True
Suppose 4*l - 4150 = -n, 2*l = 5*l + n - 3113. Let z = -1860 + 1324. Let j = l + z. Is j composite?
True
Suppose 6*y = 14658 + 360. Is y prime?
True
Suppose -26*l = -11*l - 23055. Is l a prime number?
False
Let u(g) = 476*g + 135. Is u(2) a composite number?
False
Suppose 0 = 5*a + 5, 5 - 4 = -2*c - 3*a. Let i be 328 + c - (-10 + 13). Suppose 4*q - 110 - i = 0. Is q composite?
False
Is ((-63)/(-378) + (-664442)/(-60))*5 a composite number?
True
Suppose -4*f = -2*d - 1996 + 5962, 0 = -2*d - 3*f + 3931. Is d a prime number?
True
Suppose 45*d - 59*d + 190106 = 0. Is d a composite number?
True
Is (-12)/42 + 38106/42 prime?
True
Let g = 1938 + -1375. Is g a prime number?
True
Suppose -c + 11 = -2*a - 0*c, -3 = -c. Let k be (-5 - a) + 1 + 24. Let w = -11 + k. Is w prime?
True
Suppose -2*j - q - 323 = -3*j, -2*j + 646 = -q. Suppose 0 = -2*c - 158 - 166. Let g = j + c. Is g prime?
False
Suppose 5*f = 3*n + 10385, 2*n - 5*n = 0. Is f a composite number?
True
Suppose 0 = -2*p - 6, -5*p + 2*p = -3*d + 3. Let t be d + 3/(9/6). Suppose 3*z + 20 = -2*z, -5*k + z + 449 = t. Is k composite?
False
Let i(g) = -5437*g + 450. Is i(-7) a prime number?
False
Is 195435/25 + 0 + 6/(-15) prime?
True
Suppose 0 = 2*k - 3*r + 21, -2*r + 12 - 30 = 4*k. Let f be (-291)/(k/(-4)*1). Let d = -127 - f. Is d a composite number?
False
Let x(f) = 4*f**3 + 8*f**2 - 48*f - 1. Is x(4) prime?
True
Let w(j) = -j - 14. Let v be w(-6). Let z be 2/v - (-4)/16. Suppose -4*d = -2*q + 318, -2*q - 3*q + 4*d + 807 = z. Is q composite?
False
Let b = -15225 - -34406. Is b prime?
True
Suppose -10*m - 3 = -11*m. Let k be (-94)/m*(-3)/2. Let j = k - -92. Is j a composite number?
False
Let j be 46 + -2 - 9/3. Let r = -4 + j. Is r a prime number?
True
Let c = -2025 + 5414. Is c prime?
True
Suppose -4*o - 117270 = 5*o. Let w = -8829 - o. Is w composite?
False
Let k(a) = 90*a**2 - 5*a - 49. Is k(8) composite?
True
Let v(k) = -2*k - 305. Let b(p) be the second derivative of -p**3/6 - 7*p. Let x(h) = b(h) - v(h). Is x(0) a prime number?
False
Suppose -83810 = 